-2). Let z(p) = 3 + p**2 - 1 + 2 - 1 - 4*p. Let l(m) = -2*m + 2. Let o(i) = v*z(i) + 5*l(i). Calculate o(-1).
-4
Let j(t) be the first derivative of -1/12*t**4 - 2/3*t**3 + 9/2*t**2 + 0*t + 11. Let o(s) be the second derivative of j(s). Calculate o(-5).
6
Let a(c) = 5*c - 2. Let k(r) = -7*r + 1. Let l(o) = -3*a(o) - 2*k(o). Let y be 7 + (1 + -2)*1. Determine l(y).
-2
Let v(y) = -4*y**2 + 9*y - 2. Let b be v(4). Let j be 64/(-10) - (162/b - -5). Let p(o) = 4 + o**2 + 0*o**2 + 4*o + 0. What is p(j)?
16
Let w(l) = l**2 - 7*l + 4. Let n be w(4). Let o(m) = 4*m + 2. Let q be (-4)/4 + (2 - -2). Let a(g) = 7*g + 4. Let r(x) = q*a(x) - 5*o(x). Give r(n).
-6
Let f(v) = -v - 2. Suppose 8*w = -24*w + 160. Calculate f(w).
-7
Let k(x) be the second derivative of x**5/60 + x**4/4 - x**3/6 - 5*x**2/2 - 11*x. Let h(s) be the first derivative of k(s). Calculate h(-5).
-6
Let c(a) = -a**2 - a + 8. Suppose 7 = -j + 19. Suppose -4*l = j, -3*l - 12 = 4*g + l. Give c(g).
8
Suppose 0 = 6*a - 31 - 23. Let b be 14/6 + 6/a. Let v(k) = -b*k + 0*k + 1 + 5*k. Give v(3).
7
Let k(j) = -5*j**3 + 20*j**2 - 12*j + 9. Let o(n) = -3*n**3 + 13*n**2 - 8*n + 6. Let c(q) = 5*k(q) - 8*o(q). What is c(-4)?
-19
Let v be (-25)/(-15)*36/10. Let g(y) = y - 6. Calculate g(v).
0
Let u(w) be the first derivative of w**3/3 + 7*w**2/2 - 10*w + 1. Let k = 21568 + -21576. Calculate u(k).
-2
Let q(u) = 23 + 0*u - u - 55 + 26. Calculate q(6).
-12
Let t(r) = 7*r**3 - 6*r**2 - 3*r + 3. Let w(j) = -14*j**3 + 14*j**2 + 6*j - 8. Let o(l) = 7*t(l) + 3*w(l). Give o(-1).
-7
Let g(q) = -q**3 + 7*q**2 - 7*q. Let c(f) = -f**3 - 8*f**2 - 2*f - 10. Let s be c(-8). Suppose 49 = 4*h + 1. Let i = h - s. Give g(i).
-6
Let x = 16 + -14. Suppose -12 = -4*d + 5*s, 0 = 4*d - x*s + 4*s - 40. Let z(m) = m**3 - 9*m**2 + 9*m - 2. Calculate z(d).
6
Let s = 408 + -404. Let n(m) = 2*m + 2. Give n(s).
10
Suppose 12*t + 41 = -7. Let q be 0/2 - -1 - 0. Let u be (-1 - 0)/(q/t). Let g(h) = h - 2. Give g(u).
2
Let h be (1 + 1)*2 - 1. Let v be (-4)/20*0 - -2. Let j(d) = 2*d + 4*d - v - d**2 + 0*d. Determine j(h).
7
Let y be (-1)/(-4)*3 - (-200)/160. Suppose 5*w + 4 = y*u - 5, -3*w = 2*u + 15. Let a(v) = -8*v - 4. Calculate a(w).
20
Let x(t) = 2*t**2 - 2*t + 2. Suppose -2*l + 5*w + 19 = -5*l, 0 = 4*l - 4*w - 28. Suppose 3*d + z = l*z + 5, 3*z = 4*d. Suppose 2*h = -d + 7. Give x(h).
6
Suppose -3*g - 10 = -5*g. Let v(l) be the first derivative of l**4/12 - l**3 - l**2/2 + 11*l - 14. Let o(x) be the first derivative of v(x). What is o(g)?
-6
Let h = 10 - 8. Suppose 0*j = -h*j + 14. Let m(n) = -n**3 + 7*n**2 - 4*n + 8. Determine m(j).
-20
Let k(r) = r**3 - 28*r**2 + 98*r - 52. Let v be k(24). Let i(f) = f**2 + 6*f + 6. Give i(v).
-2
Let y(h) = h**3 + 2*h**2 + 5*h - 5. Let m(o) = o**3 + o**2 + 5*o - 6. Let c(g) = 5*m(g) - 6*y(g). Calculate c(-6).
-6
Let z = -60 - -68. Suppose 1 - z = -j. Let f(m) = m + 6. Calculate f(j).
13
Let t be (3 + -3)/(1 + -1 + 1). Suppose 12*b - 7*b + 5 = t. Let f(d) = 2*d**2 - 1. What is f(b)?
1
Let l be 11 - 170/51*(-3)/(-2). Let x(z) = -2*z**2 + 10*z - 7. Give x(l).
-19
Suppose 135*d = -179 - 91. Let c(k) = 5*k**2 + 2*k + k**3 - 2*k**2 - k + 1. What is c(d)?
3
Suppose 0 = 7*q - 3*q - 12. Let f(z) = 3*z**3 + 3 - z**3 - z + q*z + 3*z**2 - 4*z. Determine f(-3).
-18
Let s(g) = 10*g**2 + g - 2. Let x be (2/(-5))/((-13)/((-520)/(-16))). Give s(x).
9
Let f(z) = 82 - 168 + 88 - 6*z**2 + 2*z. Let a be ((-15)/10)/(6/(-8)). Calculate f(a).
-18
Let f(w) = -w**2 + 8*w - 7. Suppose -2*x = -3 + 1, v = -3*x + 9. Let s be f(v). Let i(h) = h**3 + 1 - h + 4*h - 4 - s*h**2. What is i(5)?
12
Let l(r) = 4*r**2 + 7*r - 3. Let x be l(-4). Let n = x + -49. Let k be n/20*10/(-4). Let i(q) = -7*q - 1. What is i(k)?
-15
Let y(h) be the first derivative of -h**2/2 - 8*h + 74. What is y(-6)?
-2
Let w(q) = q**3 - q**2 - 4. Let c(u) = -2*u**2 + 3*u - 3. Let n be c(1). Let i be 12/10*5/n - -3. Calculate w(i).
-4
Let n(t) = 4*t - 30. Let w be -4 - (-10 + -4 + 1). Let o be n(w). Let j(b) = -b**2 + 7*b - 3. Give j(o).
3
Let c(w) be the first derivative of -7*w**2/2 + w - 1. Let v be (-2)/14 - 114/133. What is c(v)?
8
Let n be (-1520)/114 - 2/(-6). Let w(b) = b**2 + 14*b + 10. Give w(n).
-3
Let u(h) = h**2 - 11*h. Let q be 57/228 + 62/8. Calculate u(q).
-24
Let r(p) = -p + 5. Let v(o) = -o + 7. Let z(a) = 6*r(a) - 5*v(a). Let t be (2/3)/(2/(-15)). What is z(t)?
0
Let x(y) = -9 - 9 - 2*y + 5. Suppose -2*l + 4*s = 42, s + 66 = -4*l + 6*s. What is x(l)?
5
Let t(h) = 12 - 25*h**2 + 15*h**2 + 9*h**2 - 12*h. Give t(-11).
23
Let g(c) = 1 + 10*c - 1 - 12*c + 2*c**2. Let q(j) = -j**2 + j. Let x(v) = -3*g(v) - 5*q(v). Calculate x(0).
0
Let x = -14 + 21. Let c(g) = -4 - 5 - g**3 + 4 + 0*g**3 + 2*g + x*g**2. Calculate c(7).
9
Let h = 199 - 192. Let g(x) = 2*x - 1. Calculate g(h).
13
Let x be (-2)/(-5) - 134/10. Let i(z) = 9*z**2 - 19*z - 17. Let j(m) = 4*m**2 - 9*m - 8. Let b(u) = x*j(u) + 6*i(u). Determine b(-4).
22
Let a(w) = 2*w**3 - 7*w**2 - 6*w + 13. Let z(o) = o**3 - 3*o**2 - 3*o + 7. Let c(u) = -4*a(u) + 7*z(u). Give c(7).
18
Let u(v) be the first derivative of -v**4/4 + v**3/3 + v**2/2 - v - 1. Suppose 20 = -5*t + 5*b, 0 = -3*t - 9*b + 4*b + 20. What is u(t)?
-1
Let u = 422 + -421. Let y(o) = 22*o + 2. Give y(u).
24
Let j(m) = 0 - m - 1 + 2 + 2. Determine j(-5).
8
Suppose 2*t = 2*f + 118 + 26, -t + 76 = 3*f. Let n = -70 + t. Let j(h) = 2*h**2 - 3*h. Give j(n).
9
Let r(n) = -8*n. Let k(p) = 34*p + 23. Let s(q) = k(q) + 4*r(q). Give s(0).
23
Let l(q) = q**3 - q**2 - 7*q + 1. Let s be -3 - -3 - (-2)/((-6)/(-9)). Calculate l(s).
-2
Let t(l) = -l**3 - 7*l**2 + 7*l. Suppose w + 5*b + 8 = b, -4*b = -2*w - 16. Determine t(w).
8
Let k(s) = s**2 + 6*s - 1. Let g(a) = 5*a. Let u(d) = 4*d + 1. Let f(h) = 5*g(h) - 6*u(h). Let m be f(8). Suppose 3*i + 6 = m*i. What is k(i)?
-1
Let f(j) = -6*j**3 + 5*j**2 - 10*j - 9. Let o(t) = -7*t**3 + 5*t**2 - 11*t - 10. Let x(p) = 6*f(p) - 5*o(p). Let g be 8/(-14) - (-19168)/4193. Calculate x(g).
-8
Let u(l) be the third derivative of -l**6/120 + l**5/30 - l**4/24 - l**3/3 + 31*l**2. Give u(-2).
16
Let c be 320/90 - ((-177)/(-27) - 7). Let h(z) = z**3 - 5*z**2 + 9*z - 14. What is h(c)?
6
Let d(r) = -5*r**2 + 6*r - 1. Let n(g) = 3*g**2 - 3*g + 2. Let b(y) = -2*d(y) - 3*n(y). Let j = 13 - 7. Determine b(j).
14
Let n = 435 + -428. Let o(a) = a - 15. Calculate o(n).
-8
Let r(g) = g - 1 + 7 - 3*g + 0. Let d(m) = m + 7. Let x(l) = -2*l - 6. Let t(p) = -6*d(p) - 5*x(p). Let j(f) = -5*r(f) - 2*t(f). What is j(5)?
4
Let l(g) = -g**2 + 8*g - 6. Let j be l(7). Let k be j/2 - (-60)/(-8). Let d(f) = f**3 + 8*f**2 + 6*f + 8. What is d(k)?
15
Let i(d) be the third derivative of d**4/24 - 81*d**2 + d. Suppose 2*l + 0*l = 0. Give i(l).
0
Let x(q) = -3*q + 59. Let u be x(21). Let k = 0 - u. Let f(p) = 2*p + 1. What is f(k)?
9
Let k(h) = 8*h - 10 + 8*h - 29*h + 5*h + 14*h. What is k(7)?
32
Let x(o) be the second derivative of -o**3/3 - 4*o**2 + 5*o - 151. Suppose 0 = -3*l + l + 5*j + 13, j = -l - 11. What is x(l)?
4
Let v(x) = 2*x**2 - 2*x + 24. Let m(c) = -c**3 + 8*c**2 + 16*c + 40. Let q be m(10). What is v(q)?
24
Let r(v) be the first derivative of v**4/4 - 4*v**3 + 6*v**2 - 20*v - 105. Determine r(11).
-9
Let v(o) be the second derivative of -25*o**3/6 + 8*o + 5. Determine v(-1).
25
Let s(t) = 4*t**2 + 3*t - 4. Let n(v) = -7*v**2 - 8*v + 7. Let g(p) = 3*n(p) + 5*s(p). Calculate g(-9).
1
Let t(q) = -119*q**3 - 124*q**3 - 5 + 236*q**3 + 5. Let s be -2 + (-2)/(-2) + 2. Determine t(s).
-7
Let g(z) = -4 + 6*z**2 + 4 + 2 - 5*z**2. Let n(b) = 2*b - 4. Let j(d) = -d. Let i(m) = -j(m) - n(m). Let o be i(4). Calculate g(o).
2
Let h(r) = -71*r**2 - r**3 - 5*r + 4*r + 71*r**2 + 4*r - 2. Let x be (-16)/(-10) - 4/(-10). Give h(x).
-4
Let p(i) = i**3 + i**2. Let h be (-238)/22 - 8/44. Let a be h - -10 - (0/2 - -1). Determine p(a).
-4
Let z(t) = t**2 + 10*t - 19. Let b be z(-12). Let o(q) = 35*q - q**2 + 12 - 32*q - b. Determine o(5).
-3
Let m(j) = 5*j. Let w be -1 - (-1)/((-2)/(-18)). Let g(d) be the second derivative of -7*d**3/3 + 9*d. Let q(t) = w*m(t) + 3*g(t). Give q(-1).
2
Let p be (-11)/((-264)/160)*3/(-2). Let r(v) = -v**2 - 10*v + 5. Calculate r(p).
5
Let x(m) = -m**3 + 5*m**2 - 4*m + 3. Let z(n) = -1 + n + 2 - 1 + 4. Let g be z(0). Calculate 